he greatest common factor of 361 and 7149206.
19
Calculate the greatest common factor of 83776147 and 17979.
5993
What is the greatest common factor of 11 and 454364?
1
Calculate the greatest common factor of 170 and 22558575.
85
What is the greatest common factor of 20126446 and 925?
37
Calculate the greatest common divisor of 345956 and 52.
52
What is the highest common divisor of 458427 and 48?
3
Calculate the highest common divisor of 35283360 and 2800.
560
Calculate the greatest common factor of 1158 and 3098229.
579
What is the greatest common divisor of 66 and 498923106?
66
What is the greatest common divisor of 114 and 594191940?
114
Calculate the highest common factor of 226711 and 759.
23
Calculate the highest common factor of 2410855 and 2510.
1255
Calculate the greatest common factor of 2322316692 and 103.
103
Calculate the highest common factor of 313271 and 1169.
7
Calculate the highest common divisor of 373996 and 448.
28
Calculate the greatest common factor of 1909530 and 189.
63
What is the highest common factor of 27 and 452109015?
9
Calculate the greatest common divisor of 267 and 16311.
3
What is the highest common divisor of 1764 and 126364?
28
Calculate the highest common divisor of 1403325 and 1188.
297
Calculate the highest common factor of 37350 and 1358550.
450
What is the greatest common factor of 51894 and 14?
2
Calculate the greatest common divisor of 5565 and 5063079.
21
What is the greatest common divisor of 70490968 and 67?
67
What is the highest common divisor of 28 and 375990454?
14
Calculate the highest common factor of 1945708 and 6164.
92
What is the greatest common divisor of 868 and 1332649514?
434
Calculate the highest common divisor of 2553 and 21240183.
111
Calculate the greatest common factor of 19785260 and 1094764.
6116
What is the highest common factor of 142856649 and 5890?
589
Calculate the greatest common divisor of 62139531 and 25885.
5177
What is the highest common divisor of 6565301 and 19576?
2447
Calculate the highest common divisor of 17651431 and 2170.
217
Calculate the highest common divisor of 110283924 and 20220.
4044
Calculate the highest common divisor of 1439911 and 154.
11
What is the highest common factor of 39 and 18362500?
13
Calculate the highest common divisor of 1349 and 37638449.
1349
Calculate the greatest common factor of 14443078 and 988.
494
What is the highest common divisor of 48 and 21174368?
16
Calculate the greatest common factor of 9467633 and 338541.
2303
What is the greatest common factor of 7670412 and 117?
9
What is the highest common factor of 3075 and 208731?
123
Calculate the highest common divisor of 190513 and 15451237.
703
What is the greatest common factor of 2172695 and 598?
23
What is the highest common factor of 1537250 and 360899?
473
What is the greatest common factor of 30443384 and 5872?
2936
What is the highest common divisor of 248412 and 2418588?
1524
Calculate the greatest common factor of 112 and 7575708.
28
What is the greatest common divisor of 12 and 33122238?
6
What is the greatest common divisor of 2201211 and 162?
9
Calculate the greatest common factor of 199206 and 24752.
238
Calculate the greatest common divisor of 1209205 and 6667.
59
Calculate the highest common divisor of 8 and 11463176.
8
What is the greatest common factor of 5893248 and 216300?
1236
What is the greatest common divisor of 205 and 47026795?
205
What is the highest common factor of 1011595 and 4531?
197
What is the highest common divisor of 312382236 and 12?
12
What is the highest common divisor of 37155486 and 1062?
354
What is the highest common factor of 16 and 1110596?
4
Calculate the highest common factor of 1460950 and 5002.
122
What is the greatest common divisor of 35 and 1589563?
1
Calculate the highest common factor of 435655 and 67640.
445
Calculate the highest common factor of 7683622 and 159.
53
Calculate the highest common factor of 96745 and 7535.
55
Calculate the highest common factor of 4557 and 2247266322.
4557
What is the greatest common divisor of 7214968 and 9988?
908
Calculate the highest common factor of 891204 and 18216.
276
What is the greatest common factor of 53153904 and 14208?
1776
What is the greatest common factor of 804420628 and 3124?
3124
Calculate the greatest common divisor of 1503183 and 510983.
4961
What is the greatest common divisor of 11890 and 4455183?
1189
Calculate the highest common factor of 228 and 2001084123.
57
Calculate the greatest common divisor of 1523318 and 2623.
43
Calculate the highest common factor of 1572780 and 21780.
660
Calculate the highest common divisor of 780708 and 645.
129
Calculate the highest common factor of 576039 and 24.
3
Calculate the highest common factor of 5061 and 29325121.
1687
What is the greatest common factor of 174 and 533058?
6
Calculate the greatest common factor of 1098 and 2516616.
1098
Calculate the highest common factor of 51590122 and 5755.
1151
Calculate the highest common divisor of 1549045674 and 258.
258
What is the highest common factor of 6426 and 2007162?
18
What is the greatest common divisor of 7680 and 54072640?
320
What is the greatest common divisor of 14962058 and 45638?
2402
Calculate the highest common factor of 2958 and 224706.
102
Calculate the greatest common factor of 12036 and 26523332.
4012
What is the greatest common divisor of 19 and 201815663?
19
What is the highest common factor of 63157 and 9321617?
137
Calculate the greatest common divisor of 56 and 28611548.
28
What is the highest common factor of 247 and 59882927?
247
What is the highest common divisor of 23321415 and 5834?
2917
What is the highest common divisor of 1088 and 4166592?
64
What is the greatest common factor of 4508 and 288316?
196
What is the highest common divisor of 112437935 and 3160?
395
Calculate the greatest common divisor of 146 and 298148863.
73
What is the greatest common factor of 17469 and 343575?
27
Calculate the highest common factor of 466 and 13828783.
233
Calculate the highest common divisor of 6598358 and 104.
26
What is the greatest common factor of 109857 and 12783360?
9987
What is the highest common divisor of 25507 and 280025?
23
What is the highest common factor of 32089825 and 1075?
1075
What is the greatest common divisor of 17164 and 377132?
28
Calculate the highest common divisor of 278143899 and 143.
11
What is the greatest common divisor of 3462935780 and 9140?
9140
Calculate the greatest common divisor of 283108 and 3682.
14
What is the greatest common divisor of 382741398 and 54?
18
Calculate the greatest common divisor of 20046816 and 2679.
141
Calculate the highest common divisor of 9843 and 1590067749.
9843
What is the greatest common divisor of 5 and 93199?
1
Calculate the highest common divisor of 482823176 and 4048.
2024
Calculate the highest common factor of 710208 and 145920.
192
What is the highest common factor of 6 and 135126438?
6
Calculate the highest common factor of 364 and 169963157.
91
Calculate the highest common factor of 805321595 and 21710.
10855
What is the greatest common factor of 3623019 and 32469?
237
What is the greatest common factor of 2082316572 and 7?
7
What is the highest common divisor of 553833 and 1307971?
413
What is the highest common divisor of 24494170 and 40?
10
What is the highest common divisor of 32135573 and 2?
1
What is the highest common factor of 996 and 23050428?
996
Calculate the greatest common divisor of 1 and 89560228.
1
Calculate the greatest common factor of 192536445 and 381.
381
What is the highest common divisor of 9894001 and 104?
13
Calculate the highest common divisor of 1636768 and 353696.
224
What is the greatest common factor of 4787 and 1631902661?
4787
What is the highest common factor of 6561423 and 694?
347
Calculate the greatest common factor of 361628 and 152.
4
What is the greatest common divisor of 4170 and 261641646?
834
What is the greatest common divisor of 123134 and 460966?
22
Calculate the greatest common factor of 1455 and 6120021.
291
Calculate the highest common divisor of 12 and 8963226.
6
Calculate the greatest common divisor of 123876 and 13733.
31
What is the highest common divisor of 6666148 and 11511?
1279
Calculate the highest common divisor of 12592058 and 1126.
1